at is the remainder when 82226875 is divided by 62?
57
Calculate the remainder when 938909 is divided by 85227.
1412
What is the remainder when 6041362662 is divided by 9916?
9914
What is the remainder when 263880357 is divided by 5190?
5187
What is the remainder when 583593 is divided by 348?
345
What is the remainder when 1254353 is divided by 4595?
4513
Calculate the remainder when 2953015 is divided by 477.
385
What is the remainder when 694461018 is divided by 241?
238
Calculate the remainder when 2943591 is divided by 343.
308
What is the remainder when 10966958 is divided by 31?
26
Calculate the remainder when 2589451 is divided by 3189.
3172
What is the remainder when 12942 is divided by 144?
126
Calculate the remainder when 396836851 is divided by 52.
47
Calculate the remainder when 935268 is divided by 30164.
184
What is the remainder when 48816 is divided by 2331?
2196
Calculate the remainder when 37947 is divided by 1990.
137
Calculate the remainder when 5043372 is divided by 4483.
4480
What is the remainder when 34071 is divided by 5572?
639
Calculate the remainder when 25048360 is divided by 44.
40
What is the remainder when 393171 is divided by 326?
15
What is the remainder when 5421 is divided by 1265?
361
What is the remainder when 1825310 is divided by 19?
18
Calculate the remainder when 244072 is divided by 81340.
52
What is the remainder when 318525 is divided by 79608?
93
What is the remainder when 309681 is divided by 8535?
2421
Calculate the remainder when 352660044 is divided by 3621.
3612
What is the remainder when 589977 is divided by 2543?
1
What is the remainder when 82377318 is divided by 905245?
23
Calculate the remainder when 1735325 is divided by 61963.
361
What is the remainder when 72065487 is divided by 51883?
0
What is the remainder when 4518438 is divided by 44?
34
Calculate the remainder when 97877 is divided by 7513.
208
What is the remainder when 9552125 is divided by 222142?
19
What is the remainder when 833110 is divided by 75737?
3
Calculate the remainder when 27493 is divided by 9131.
100
Calculate the remainder when 1040747 is divided by 1145.
1087
Calculate the remainder when 5761444 is divided by 73862.
208
Calculate the remainder when 58752 is divided by 2379.
1656
What is the remainder when 58862577 is divided by 58862548?
29
What is the remainder when 30327 is divided by 2834?
1987
Calculate the remainder when 122473 is divided by 39877.
2842
What is the remainder when 247526641 is divided by 907?
899
Calculate the remainder when 11144597 is divided by 4433.
35
Calculate the remainder when 544520 is divided by 19407.
1124
What is the remainder when 78002906 is divided by 146622?
2
What is the remainder when 2495201 is divided by 913?
885
Calculate the remainder when 2513654 is divided by 96676.
78
What is the remainder when 9346154 is divided by 849646?
48
Calculate the remainder when 1843432 is divided by 675.
7
Calculate the remainder when 125197 is divided by 61.
25
Calculate the remainder when 33572 is divided by 13719.
6134
What is the remainder when 50308 is divided by 553?
538
Calculate the remainder when 1503788 is divided by 708.
704
Calculate the remainder when 259481 is divided by 51896.
1
What is the remainder when 20869281 is divided by 58?
11
Calculate the remainder when 3200834 is divided by 8.
2
Calculate the remainder when 114018 is divided by 2465.
628
Calculate the remainder when 56649163 is divided by 72.
67
Calculate the remainder when 2106862 is divided by 351143.
4
Calculate the remainder when 2462813 is divided by 175910.
73
What is the remainder when 521027 is divided by 260494?
39
What is the remainder when 5008076 is divided by 4026?
3758
What is the remainder when 670678 is divided by 18?
16
What is the remainder when 7917603 is divided by 15?
3
Calculate the remainder when 97169 is divided by 30568.
5465
Calculate the remainder when 64772637 is divided by 2902.
2899
What is the remainder when 9857328 is divided by 478?
12
What is the remainder when 856470 is divided by 8477?
293
What is the remainder when 11142 is divided by 431?
367
What is the remainder when 6964143 is divided by 2348?
2323
What is the remainder when 149382 is divided by 14334?
6042
What is the remainder when 197551 is divided by 197363?
188
What is the remainder when 7218089 is divided by 1931?
11
What is the remainder when 19083357 is divided by 5661?
126
What is the remainder when 862777 is divided by 89?
11
Calculate the remainder when 219822 is divided by 73095.
537
Calculate the remainder when 85535 is divided by 21247.
547
What is the remainder when 6687325 is divided by 8776?
13
What is the remainder when 305106 is divided by 1187?
47
Calculate the remainder when 52890018 is divided by 4185.
4173
What is the remainder when 551974 is divided by 436?
434
What is the remainder when 161492 is divided by 81?
59
Calculate the remainder when 9496972 is divided by 4599.
37
Calculate the remainder when 74458128 is divided by 230.
228
What is the remainder when 879730 is divided by 8914?
6158
Calculate the remainder when 178211 is divided by 7727.
490
Calculate the remainder when 482177 is divided by 60270.
17
Calculate the remainder when 2026291 is divided by 41.
30
What is the remainder when 5326928 is divided by 85917?
74
Calculate the remainder when 2814909 is divided by 2814874.
35
Calculate the remainder when 2346938 is divided by 939.
377
Calculate the remainder when 127142 is divided by 127101.
41
What is the remainder when 970262 is divided by 97026?
2
What is the remainder when 1231621 is divided by 410473?
202
What is the remainder when 9584 is divided by 8851?
733
Calculate the remainder when 4127631 is divided by 398.
371
Calculate the remainder when 462736 is divided by 22032.
64
What is the remainder when 43158 is divided by 452?
218
What is the remainder when 1542105 is divided by 3569?
297
Calculate the remainder when 7302710 is divided by 2434234.
8
Calculate the remainder when 6631174 is divided by 3309.
3247
What is the remainder when 13667845 is divided by 43?
37
Calculate the remainder when 1110775 is divided by 2971.
2592
What is the remainder when 30706293 is divided by 681?
3
Calculate the remainder when 121765 is divided by 17312.
581
What is the remainder when 2897962 is divided by 82?
0
What is the remainder when 78585 is divided by 1254?
837
Calculate the remainder when 14370309 is divided by 542.
263
What is the remainder when 1145143 is divided by 114503?
113
Calculate the remainder when 403791 is divided by 2969.
7
Calculate the remainder when 1069599 is divided by 634.
41
Calculate the remainder when 93779 is divided by 1188.
1115
What is the remainder when 39259247 is divided by 5296?
5295
Calculate the remainder when 45435 is divided by 797.
6
What is the remainder when 95609 is divided by 15866?
413
Calculate the remainder when 34041 is divided by 2275.
2191
Calculate the remainder when 568218 is divided by 40.
18
What is the remainder when 126123 is divided by 126032?
91
What is the remainder when 5389511 is divided by 1796441?
188
What is the remainder when 178797753 is divided by 2573?
2556
Calculate the remainder when 318893 is divided by 102.
41
What is the remainder when 70345 is divided by 23149?
898
Calculate the remainder when 699500 is divided by 116581.
14
What is the remainder when 4939549 is divided by 2600?
2149
What is the remainder when 737064 is divided by 349?
325
Calculate the remainder when 124239 is divided by 862.
111
What is the remainder when 981605 is divided by 6022?
19
What is the remainder when 73663 is divided by 73654?
9
What is the remainder when 1861678 is divided by 6006?
5824
What is the remainder when 24372628 is divided by 179?
167
What is the remainder when 23858 is divided by 7936?
50
What is the remainder when 1258897 is divided by 233?
231
Calculate the remainder when 69426 is divided by 3165.
2961
What is the remainder when 1266880 is divided by 781?
98
Calculate the remainder when 65530 is divided by 2174.
310
Calculate the remainder when 585425 is divided by 194944.
593
Calculate the remainder when 86189261 is divided by 2978.
2963
What is the remainder when 10863 is divided by 4174?
2515
Calculate the remainder when